+ 5 + -1)?
-5
Calculate -13 - -15 - (1 - -6).
-5
What is -2 - (-2 + (0 - -3) + -3)?
0
What is -14 + 14 - -4 - 6?
-2
What is the value of -9 - -9 - ((3 - 7) + 2)?
2
Evaluate -5 + -4 + (2 - -3).
-4
Evaluate -1 + 4 + 9 + -20.
-8
What is -1 + -10 - -21 - 0?
10
-3 + 11 + (-2 - 4)
2
1 - (1 - (0 + (-1 - -1)))
0
What is the value of 2 + -3 - (-4 - -1)?
2
7 + 1 + 3 + -18
-7
Calculate (-11 - -9) + (-3 - 0) + 1.
-4
What is the value of 5 - (-6 + 15 + -6)?
2
What is the value of 8 + -3 + -1 + -7?
-3
Evaluate 1 + (-8 - 1 - -3).
-5
What is the value of 112 + -117 + (-1 - -6)?
0
-4 - (-18 - -13 - (2 + -1))
2
What is -2 - ((-6 - -6) + 0)?
-2
Calculate 6 + (9 - 8) - 5 - -5.
7
What is the value of (-5 - -1) + 3 + -2?
-3
Calculate (4 - 0) + -9 + -4 + 8.
-1
-3 + 4 + (3 - (6 + 2))
-4
What is the value of 7 + (7 + -8 - -1)?
7
Calculate (12 - 3) + (-2 - (-7 - -13)).
1
Calculate (-9 + -9 - -13) + 2.
-3
What is 4 - (-4 + 8 + 0)?
0
Evaluate 6 + 9 + -25 + 4.
-6
Calculate -4 + 0 - 1 - (2 + -3).
-4
What is -1 + 4 + -2 + -3?
-2
What is the value of -13 + 22 + -10 + -3?
-4
What is (-6 - -9 - -8) + -8?
3
What is -5 + 8 + -10 - (-2 + 2)?
-7
Evaluate -15 + 16 - (-1 + -1).
3
Evaluate -18 - -4 - (3 + -11).
-6
-5 + 4 - 0 - -1
0
Calculate -9 + 2 + 5 - (-6 + 2).
2
-6 - (0 + (1 - 2))
-5
What is 3 + -2 + -2 - 2?
-3
Evaluate -4 + -1 + (9 - 3) + -3.
-2
What is -37 - -39 - (3 - 6)?
5
What is the value of (4 - 4) + (-1 - -5) - -1?
5
Calculate -12 - 3 - (1 + -4 + -4).
-8
Evaluate -2 + (-13 + 8 - 4).
-11
What is (0 + 0 - -4) + (-8 - -6)?
2
What is -1 + (-9 - (6 - 13)) + 3?
0
What is the value of (1 - 2) + 8 + (-1 - 1)?
5
What is 0 + -3 + 2 - (-3 - 1)?
3
What is the value of -7 - (4 + -3 + -3)?
-5
What is -1 - -12 - ((-6 - -18) + -6)?
5
Calculate 2 - (0 + 1 - -3).
-2
Calculate -6 - -4 - -1 - 3.
-4
Calculate (-13 - -25) + 1 - 4.
9
What is (-1 - 4) + -3 - -6 - -6?
4
Evaluate 12 + (-7 - 6 - -7).
6
Evaluate (-12 - -6) + -1 - -7.
0
10 + -22 - -12 - 1
-1
Calculate ((5 - -1) + -1 - 4) + -3.
-2
What is -1 + (3 + -14 - -17)?
5
2 - (8 + -7) - 0
1
What is (-3 - 2) + 8 + -1?
2
Evaluate -5 + -9 + 5 + 8.
-1
-4 - -2 - -6 - 1
3
What is the value of (-1 - (3 - 7)) + -2 + 4?
5
What is -2 + (-2 - (-5 + (1 - 2)))?
2
What is the value of -5 + -3 + 0 + 4 + -1?
-5
What is (1 - 9) + 2 + 10?
4
What is -6 + 14 - 8 - 1?
-1
What is the value of -5 + (-15 - -15 - (3 - 9))?
1
-80 + 78 + (-4 - -1)
-5
What is the value of 6 + (-12 - -18 - 7)?
5
8 + (-11 - 1) + (1 - 0)
-3
What is the value of -2 + 4 + 3 + 0 + -4?
1
Evaluate -4 + (7 - 2 - 0).
1
What is the value of -6 - -1 - (-57 - -51)?
1
Evaluate 4 + -7 + 2 + -2 + 7.
4
Calculate (-11 - -6 - (-1 - 2)) + 3.
1
Evaluate -5 + -4 + (19 - 15).
-5
Calculate -3 + -2 - (3 + (-5 - -2)).
-5
Calculate 15 + 6 + -7 - 8.
6
Calculate 2 + -9 + 12 - (0 - -4).
1
Evaluate 3 - 9 - (4 + -4 + -2).
-4
Calculate 8 + 2 + -4 + (0 - 2).
4
Calculate 0 + -11 + -52 + 55.
-8
Evaluate 4 + (2 - (4 - 2)) + 1.
5
Evaluate -2 + 7 + -2 - 0.
3
Calculate 5 + -5 - (-3 - (-3 - -4)).
4
-6 + 9 - (7 + -3)
-1
0 - ((-10 + 2 - -4) + -2)
6
3 + (3 - (-3 - -10))
-1
Calculate -3 + (-2 + 6 - (11 - 5)).
-5
9 - 16 - (1 + 2 + -7)
-3
What is (3 - (8 - 5)) + 11 + -5?
6
Calculate -3 + 5 + -5 + 5 + -2.
0
What is the value of (5 - 11 - (0 - -1)) + 3?
-4
-1 + 2 - 1 - -2
2
What is (-36 - -41) + 1 + -5?
1
Calculate 6 + 1 + 34 + -40.
1
What is -2 + -8 + 6 + 1?
-3
What is (-2 - -7) + (-14 - -9) - -2?
2
What is -3 - -5 - (8 - 4 - 3)?
1
What is (1 - (-5 - 0)) + 558 + -567?
-3
-2 - ((-2 - -3) + -1 + -1)
-1
Calculate -1 + 8 + 65 + -72.
0
What is (-3 - -6) + -9 + 3?
-3
What is the value of (-8 - (-4 + 2) - -3) + -1?
-4
Calculate (2 - 3 - -1) + 4 + -1.
3
Calculate 1 - (-2 - (3 + -6)).
0
What is (6 - (3 - -6)) + -4?
-7
Calculate -6 + (6 - -1) + (0 - 2).
-1
What is 0 + (-1 - -3) + 0?
2
Calculate (-7 - (7 + -3)) + 7.
-4
Evaluate -35 - -28 - (-13 + 1).
5
Calculate 7 + -14 - -4 - (2 + 0).
-5
Evaluate 14 + -11 + -11 - -3.
-5
What is -12 + 2 + 0 + 11?
1
Calculate (-12 - -6) + 11 + (3 - -2).
10
Evaluate (-7 - (-9 - -1)) + 3.
4
What is -26 + 21 + (9 - -1)?
5
What is the value of (13 - 12) + -3 + 10?
8
Evaluate (-8 - (-5 + 2)) + 2.
-3
What is the value of 2 - (-9 - -23 - 7)?
-5
Calculate 18 - 7 - 11 - 7.
-7
Calculate -19 + 13 - (-1 + -4).
-1
What is the value of (-48 - -52) + 2 + -3?
3
Calculate (-6 - -21) + -9 + -12.
-6
Calculate 4 + (-19 - 0 - -8).
-7
3 + 3 + -2 - 1
3
7 + 1 + -5 - (0 - 0)
3
What is -8 + 5 - -5 - 3?
-1
-4 + (-38 - -45 - (-1 - 1))
5
Evaluate (4 + 0 - 5) + (-5 - -12).
6
What is 3 + 1 + 2 + -2 + 0?
4
4 - (3 - 1 - -4)
-2
What is the value of (-5 - (10 - 0 - 5)) + 5?
-5
(4 - 0 - -3) + 1 + -5
3
What is 2 + -6 + (-11 - -8) + 7?
0
Evaluate -16 - -13 - ((0 - -2) + -4).
-1
What is the value of 6 + -4 - (0 - -4)?
-2
What is (-7 - -2 - 2) + (4 - 0)?
-3
What is (2 - 3) + (-1 - 4 - -10)?
4
What is the value of (3 - -1) + -11 + 0 + 2?
-5
Evaluate -2 + (0 + -4 - 1 - -2).
-5
What is -9 + -9 + 17 + 7?
6
What is the value of 1 + 3 - ((5 - 0) + 1)?
-2
What is the value of -6 + -3 + 0 + 4 - -6?
1
What is -5 + 2 - (0 + -5)?
2
Calculate -9 + -6 + 4 + 1 + 5.
-5
What is the value of (91 - 78) + (-1 - 0) + -5?
7
Calculate -3 + (4 - (1 - 4)).
4
Evaluate 5 + -2 + (1 - -1).
5
Calculate -6 + -3 + 5 - (-1 + -7).
4
What is 9 - (0 + -5 + 17)?
-3
Calculate (-4 - -11) + (15 + -3 - 10).
9
What is the value of 8 - 8 - (-10 - -2)?
8
What is the value of (5 - 4) + (2 + 0 - 6)?
-3
Evaluate -4 + (4 - 0) + 3.
3
Evaluate (-6 + 4 - (-6 - 1)) + 0.
5
Calculate -6 - (-8 + 1) - (0 - -1).
0
-5 + 0 + -1 + -1 - 2
-9
-2 + 2 + -6 + 8 + -7
-5
What is the value of 9 + -2 - (-2 - -7)?
2
Evaluate 7 - (16 - 10) - (-4 + 1).
4
Evaluate 2 - ((2 - 1 - 4) + 5).
0
What is (5 + -10 - -15) + -3?
7
Evaluate -2 - (9 - 7 - 6).
2
-1 + -3 - (-9 + 5)
0
Evaluate 4 + ((0 - -2) + -14 - -4).
-4
Evaluate 4 + 8 + -5 + -10.
-3
Evaluate 1 + (-2 - -1) + -2.
-2
What is -9 + -1 - (-49 + 41)?
-2
-18 + (5 + -8 - (-11 + 0))
-10
Evaluate (8 - 1) + (-38 - -28).
-3
What is 0 + 3 - (-3 - -3 - -1)?
2
Calculate (-1 - -5) + (-27 - -20).
-3
What is 3 - (5 - (7 - 5))?
0
What is -2 + 1 - (3 - 5) - 2?
-1
Calculate (4 - 5) + 1 - 4.
-4
Calculate 4 - (11 + (-10 - -4) - 6).
5
What is 7 + (-5 - -1) - 5?
-2
Calculate -5 + 5 + 3 + -11.
-8
Calculate -3 + (7 - 10) + 2 + 0.
-4
Evaluate 2 - (11 - 3 - (5 - 5)).
-6
What is 3 - (4 - 6 - -7)?
-2
What is the value of (20 - 22) + 5 + 2?
5
Evaluate 3 - (-10 + -1) - 5.
9
What is 1 + -4 - (-3 - 0)?
0
Calculate 14 + 0 + -10 + -5.
-1
What is (22 - 19) + (-1 - -2 - 3)?
1
Evaluate -2 + -1 - ((4 - 4) + 2).
-5
Evaluate -3 + (1 - (3 - 0 - 1)).
-4
What is (-1 + 1 - -2) + (-9 - -7)?
0
(4 - 0 - 2) + -8
-6
(-2 - -1 - (-1 + 3)) + 1
-2
3 + (2 - 2) + 2
5
Evaluate -418 - -419 - (1 + 5 + -1).
-4
Calculate 0 + (5 - 7) + 3 + 3.
4
(0 - 7 - -4) + 1
-2
Evaluate (6 - (9 - 5)) + (0 - 0).
2
What is the value of 10 - 3 - (-1 + 10)?
-2
Evaluate -3 + 4 + -2 + 2 - 2.
-1
What is (-4 - 10) + 4 - -8?
-2
What is 0 + -4 + (16 - (10 + -3))?
5
What is the value of 25 + -24 - (1 + 1) - 3?
-4
Evaluate -4 + 2 - (-5 - -9 - 0).
-6
Evaluate 2 - 0 - (-10 - -10) - 5.
-3
What is 2 - (5 - 5) - (0 - 1)?
3
10 + -6 + -11 - -11
4
Evaluate (-2 - (1 + 3)) + 3.
-3
Evaluate -2 + -3 + -5 + 9 + -3.
-4
1 - (6 - 0 - (-23 + 27))
-1
4 - 8 - (5 - 1) - -4
-4
Evaluate 3 + -7 + -2 - (0 + 3).
-9
Evaluate -242 + 237 + (-3 + 2 - -9).
3
What is -6 - ((7 - 4) + -9)?
0
-6 + (9 + -3 - 4)
-4
What is -3 + 0 - (-3 - 5 - -2)?
3
What is -1 - (2 - ((-4 - -4) + 3))?
0
What is the value of (19 - 19 - (2 + -2)) + -1?
-1
Calculate -7 - (-2 - (-4 - -7) - 0).
-2
What is the value of (6 - 0) + (-6 - 3)?
-3
What is 0 - (-13 - -7) - 1?
5
-2 - -1 - (2 + -6 + -2)
5
Evaluate (-6 - 0) + 1 + (80 - 80).
-5
What is the value of 4 - (5 + (4 - 7) - 5)?
7
11 - (7 + 1 + 8)
-5
What is 2 - (-6 - (7 + -9))?
6
Evaluate (-20 - -13) + (-3 - -10).
0
Calculate -5 - (-5 - -4 - 3).
-1
What is the value of -4 - (-8 - -3 - (4 - 0))?
5
1 + 2 - (3 + -2)
2
What is -1 - -2 - 10 - (6 - 13)?
-2
Calculate (-1 - -5) + -7 + 1 + 2.
0
Evaluate -4 - -6 - (5 + -3).
0
Evaluate -2 - (6 + -3 - 8).
3
What is (-7 - -6) + (0 - 2)?
-3
What is 2 - 2 - (28 - 20)?
-8
What is the value of -4 + (7 - 6) - -4?
1
Evaluate -14 - (-30 - (5 - 10)).
11
What is -6 + 2 + 3 + -1 + -1?
-3
Evaluate (-4 - ((3 - 0) + -3)) + 2.
-2
-4 - (-1 +